vided by u(3)?
4
Let a = -21 + 40. Suppose -3*r + 17 = -a. What is the remainder when 56 is divided by r?
8
Suppose 2*d + 4*o = 74, 2*d - 40 = -2*o + 36. What is the remainder when 193 is divided by d?
37
Suppose -9 = s - 25. Let c(w) = -8*w + 4. Let g be c(-5). Let u = g - 34. Calculate the remainder when s is divided by u.
6
Suppose -2*u = -0*u + 8. Let c be (0 - 0/u)/(-2). Suppose -s + 38 = -c*s. What is the remainder when s is divided by 10?
8
Let c = 28 + -17. Let d = 37 - -3. What is the remainder when d - (-3 - (-4 + 2)) is divided by c?
8
Let l be 37/(-3) - (-4)/12. Calculate the remainder when (61 - (-5 + 17)) + -8 is divided by (-59)/(-4) + (-3)/l.
11
Suppose x = 2*y - 24, 3*y + y - 36 = -4*x. What is the remainder when 111 is divided by y?
1
Suppose 2*n - 1171 = -347. Let c = n + -291. Calculate the remainder when c is divided by 31.
28
Suppose -l + 8 + 16 = -2*v, l = -4*v + 54. Suppose -11*p + 9*p = -l. What is the remainder when 66 is divided by p?
15
Let l(c) = 4*c**3 - 37*c**2 + 10*c + 10. Let g = 54 + 1. Calculate the remainder when g is divided by l(9).
17
Suppose t = 3*p - 21, -17 - 22 = -5*p + 3*t. Calculate the remainder when (-38)/19 + 21 + 0 is divided by p.
1
Let s = -1 + 5. Suppose 0 = s*w - n - 224 + 49, 0 = 4*w + n - 169. Calculate the remainder when 83 is divided by w.
40
Suppose 0 = 5*d + 4*v + 18, 4*d - 2*v + 1 = -3. Let b(w) = -7*w**3 - w**2 + 6*w + 11. What is the remainder when b(d) is divided by (-1 - 2)*-9 - 0?
24
Let q be (-8)/2 - (1 - -28). Calculate the remainder when 6/q + 200/11 is divided by (-21)/1*5/(-15).
4
Suppose -l - 4*l - 5*l = 0. Let b(m) = -m**2 - 4*m + 52. Calculate the remainder when b(l) is divided by 11.
8
Suppose -4*k + 90 = 3*p, 2*k + p - 33 - 11 = 0. Let s be (0/(-2))/((-16)/(-8)). Suppose s = -3*v + 26 + 160. Calculate the remainder when v is divided by k.
20
Let i = 160 + -1. What is the remainder when 127 is divided by (3/5)/3 - i/(-5)?
31
Suppose 0 = -8*m + 2*m - 60. Let w = m - -15. What is the remainder when 1/2 + 33/2 is divided by w?
2
Calculate the remainder when 388 is divided by (84/18)/((-723)/243 + 3).
10
Let y = 17 - 6. Suppose i + y = 13. Suppose -6*n + 63 = -i*n + 3*j, 7 = n - j. What is the remainder when 35 is divided by n?
11
Let c = -365 - -377. What is the remainder when 63 is divided by c?
3
Let w = 22 + -15. Suppose -25 = -5*k, 4*j - 3*k = -5*k + 86. What is the remainder when j is divided by w?
5
Let d(j) = 2*j**2 - 3*j + 7. Let u be d(-4). Let h = u + 17. Suppose -4*a + 2*a = -h. Calculate the remainder when a is divided by 9.
7
Suppose -1227 + 3047 = 14*r. Calculate the remainder when r is divided by 36.
22
Suppose 0 = 7*q - 2*q + 990. Let k = -116 - q. Calculate the remainder when k is divided by 28.
26
Calculate the remainder when ((-180)/27)/((-2)/39) is divided by 23.
15
Let d(p) = p**3 - 35*p**2 - 70*p + 126. What is the remainder when d(37) is divided by 69/(2/(-4) + 2)?
44
Let y = 3 - -8. Suppose -5*b - 24 = -9*b. What is the remainder when y is divided by b?
5
Suppose 5*v + 2*x + 39 = 0, -5*v = -x + 61 - 13. Let t(u) = -u + 2. Calculate the remainder when 21 is divided by t(v).
10
Let v(l) = 14*l - 284. Calculate the remainder when 310 is divided by v(28).
94
Let g be 3/(-6)*-32*1. Suppose 0 = 4*i - 9*i - 2*v + 28, 0 = -5*i + v + g. Suppose 5*q = -u - 3, -2*q + 1 = 3. Calculate the remainder when i is divided by u.
0
Let y(q) = q**3 - 4*q**2 - 9*q + 4. Let d be y(6). Let t = d - 8. Let z(b) = -2*b - 13. Calculate the remainder when t is divided by z(-9).
4
Let i(c) = -16*c - 59. Let r = -28 + 22. What is the remainder when i(r) is divided by 14?
9
Suppose -3*d - 2*z = -1003 + 242, z + 257 = d. What is the remainder when d is divided by 32?
31
What is the remainder when (-3 - (-130)/30)*(76 + -1) is divided by 15?
10
Suppose -55*j + 8*j = -376. What is the remainder when 13 - (-3 - (-3 + 2)) is divided by j?
7
Let u(t) = 3*t**2 + 7*t - 48. Let c(o) = 3*o**2 - 2*o + 4. What is the remainder when u(-10) is divided by c(-3)?
34
Suppose -5*p - 4*d + 89 = -162, 4*d = p - 55. Calculate the remainder when p is divided by 6.
3
Suppose 3*c = 3*t, 0*t - 3*c = 4*t - 28. Suppose 0 = 4*b - 3*x - 91, -4*b + 7*b - 66 = 3*x. Calculate the remainder when b is divided by (18/(-4))/((-2)/t).
7
Let w = -810 + 831. What is the remainder when 355 is divided by w?
19
Let b be (20/8)/(2/(-4)). Let u = b + 42. What is the remainder when u is divided by 11 + (2 + -2 + 1)/(-1)?
7
Let z = -69 + 84. Suppose 5*b = 10*b - 5*x - z, -5 = -x. Calculate the remainder when 21 is divided by b.
5
Suppose 11*h - 12*h + 81 = 0. Let j = 100 - h. Suppose 2*k = -2*s + 5*k + 84, s = -3*k + 24. What is the remainder when s is divided by j?
17
Suppose 4*d - 2*a + 2 = 3*d, -12 = -d - 5*a. Suppose 2*p = -2*n - 3*n + 215, -d*n = 5*p - 86. Calculate the remainder when n is divided by 15.
13
Let h(j) = j**2 + 2*j + 2. Let c be h(-2). Let s(g) = g + 1. Let q be s(c). Suppose q*b - 24 = b. What is the remainder when 34 is divided by b?
10
Suppose 11*r - 12544 = -45*r. What is the remainder when r is divided by 45?
44
Let i = 22 - 16. Suppose -2*o + c + 20 = -i, 4*c = -4*o + 28. What is the remainder when o is divided by 6?
5
Suppose 48*c = 17*c + 93. Suppose -4*l + 3 = -3*l. What is the remainder when l is divided by c?
0
Let c be (-3 + 1)/((-1)/(-2)). Calculate the remainder when ((-18)/(-24))/(3/84) is divided by (-18)/(c/((-32)/(-12))).
9
Let n = 75 - 2. Calculate the remainder when n is divided by (-931)/(-57) - (-8)/(-6).
13
Suppose 8*p = 6*p - 12. What is the remainder when 44 is divided by 150/9 + -1*(-4)/p?
12
Suppose 0*j = 3*j - 9. Calculate the remainder when 2/(-6) + 12 - (-10)/(-6) is divided by j.
1
Let h = 32 - 29. Suppose 12*v - 120 = -36. What is the remainder when v is divided by h?
1
Suppose 5*b - 5*c - 187 = 2*b, 2*c = -2*b + 130. Suppose -3*d + 189 - b = -5*n, 41 = d - n. Let f = d - 27. Calculate the remainder when 37 is divided by f.
11
What is the remainder when 4/6*2 + 2571/9 is divided by 36?
35
Let y = 769 + -721. Let h = 303 + -162. What is the remainder when h is divided by y?
45
Let c be 0 - (-14 + (5 - 1)). Suppose -7*w + c*w - 141 = 0. Calculate the remainder when 137 is divided by w.
43
Let q(x) be the third derivative of -x**5/60 - 7*x**4/12 - 5*x**3 + 8*x**2 - 2. Calculate the remainder when q(-9) is divided by 4.
3
Let w be (0 - (-2)/(-11)) + 57/11. Suppose 52 = 4*x - 3*q, -2*q = -w*x + 2*x + 39. Calculate the remainder when 49 is divided by x.
10
Let q = 53 - 53. Let s(a) = a**3 - 2*a + 31. Calculate the remainder when s(q) is divided by 14.
3
Let a = -212 + 243. What is the remainder when a is divided by 17?
14
Suppose 2*w + 220 = 4*w + 4*n, -4*w + 4*n + 428 = 0. Calculate the remainder when w is divided by 30.
18
Let x = -2636 - -2687. What is the remainder when 422 is divided by x?
14
Calculate the remainder when (1/(-3))/((-1)/39) is divided by (234/(19 + -10))/(0 - -2).
0
Let w(b) = 4*b**3 - b**2 + 2*b. Calculate the remainder when 131 - (2 + -5)*(-20)/12 is divided by w(2).
30
Suppose 2*i - i - 99 = 0. Suppose 5*d - i = 181. What is the remainder when d is divided by 20?
16
Let i be (-95)/(-25) - 2/(-10). Suppose 0 = -b - i - 17. Let c = -12 - b. Calculate the remainder when c is divided by 4.
1
Calculate the remainder when 89 is divided by 3/(5 + (-372)/78).
11
Suppose 0 = -3*y - 2*y + 475. Calculate the remainder when y is divided by 38.
19
Let l = -64 - -68. Calculate the remainder when 30 is divided by (-66)/(-4) + 2 + (-10)/l.
14
Let j be 2 + -1 - 17 - 2. Let m = 21 + j. Suppose -5*g = -m*o + 58, -6 = 2*g + 4. Calculate the remainder when o is divided by 6.
5
Let l(p) = -p**3 + 5*p**2 + 2*p - 2. Let s(q) = -25*q + 36. Calculate the remainder when s(-2) is divided by l(4).
20
Let p(s) = s**3 - 10*s**2 - 12*s + 13. Let t be p(11). Suppose 0*i - t*i + 64 = 0. Suppose 4*k = 6*k - 34. What is the remainder when i is divided by k?
15
Calculate the remainder when 222 is divided by (4/(-10))/((-1130)/(-1150) + -1).
15
Suppose -6 - 93 = -2*f - 5*t, -f + t + 46 = 0. Suppose 0 = 2*n - 4*q + 7 - f, 3*q - 3 = 0. Calculate the remainder when n is divided by 6.
4
Let r = 645 - 643. Let j(w) = 2*w**2 + 2*w. What is the remainder when j(-2) is divided by r?
0
Let z be (2 + 